809.
3, 4273, 21211
List the prime factors of 94196506.
2, 67, 97, 7247
List the prime factors of 329860050.
2, 3, 5, 13, 169159
What are the prime factors of 309566348?
2, 7, 13, 850457
List the prime factors of 228385388.
2, 7, 11, 157, 4723
What are the prime factors of 25320652?
2, 7, 129187
List the prime factors of 461760962.
2, 13, 37, 12973
What are the prime factors of 2445253?
2445253
List the prime factors of 18303059.
1949, 9391
List the prime factors of 510905430.
2, 3, 5, 7, 810961
What are the prime factors of 16589834?
2, 73, 199, 571
What are the prime factors of 4299843856?
2, 7, 11, 167, 20899
List the prime factors of 10568076.
2, 3, 880673
What are the prime factors of 210242211?
3, 353, 198529
What are the prime factors of 387969878?
2, 193984939
List the prime factors of 222177946.
2, 111088973
What are the prime factors of 446627188?
2, 7, 97, 164443
What are the prime factors of 8782137?
3, 7, 13, 10723
List the prime factors of 349547297.
11, 31777027
What are the prime factors of 399954149?
7, 57136307
List the prime factors of 135836702.
2, 163, 416677
What are the prime factors of 89156702?
2, 19, 653, 3593
What are the prime factors of 519524462?
2, 259762231
List the prime factors of 84144265.
5, 107, 157279
List the prime factors of 113402558.
2, 23, 37, 66629
List the prime factors of 8590044344.
2, 7, 101, 1518749
List the prime factors of 474407749.
1811, 261959
What are the prime factors of 30684955?
5, 7, 313, 2801
What are the prime factors of 40496193?
3, 17, 9803
What are the prime factors of 309385651?
309385651
What are the prime factors of 71080768?
2, 11, 31, 3257
List the prime factors of 1628430.
2, 3, 5, 17, 31, 103
What are the prime factors of 1969945?
5, 393989
List the prime factors of 127149751.
193, 658807
What are the prime factors of 581621950?
2, 5, 7, 13, 9833
List the prime factors of 573177101.
7, 37, 2213039
List the prime factors of 201229034.
2, 17, 5918501
List the prime factors of 220815504.
2, 3, 7, 13, 41, 137
List the prime factors of 35479734.
2, 3, 5913289
List the prime factors of 970530663.
3, 17, 863, 22051
List the prime factors of 389270085.
3, 5, 25951339
What are the prime factors of 429516604?
2, 11, 269, 3299
What are the prime factors of 4087397921?
4087397921
List the prime factors of 8736076.
2, 29, 127, 593
What are the prime factors of 763899833?
763899833
List the prime factors of 6221679349.
6221679349
List the prime factors of 560713417.
11, 41, 197, 6311
What are the prime factors of 1461189070?
2, 5, 11, 29, 458053
What are the prime factors of 2935454376?
2, 3, 59, 2073061
What are the prime factors of 757893832?
2, 94736729
List the prime factors of 369195776.
2, 149, 9679
List the prime factors of 653687722.
2, 373, 876257
What are the prime factors of 617043176?
2, 2473, 31189
List the prime factors of 40283343.
3, 37, 137, 883
List the prime factors of 72779692.
2, 31, 586933
What are the prime factors of 51992325?
3, 5, 7, 11, 3001
List the prime factors of 2043813214.
2, 1021906607
List the prime factors of 12027988.
2, 7, 19, 23, 983
List the prime factors of 3608290932.
2, 3, 300690911
List the prime factors of 14847493.
19, 881, 887
List the prime factors of 21049440.
2, 3, 5, 43853
List the prime factors of 163569797.
3257, 50221
What are the prime factors of 62744815?
5, 7, 1792709
What are the prime factors of 2258256823?
10601, 213023
What are the prime factors of 3237079941?
3, 359675549
List the prime factors of 108782496.
2, 3, 377717
What are the prime factors of 1040252373?
3, 37, 3123881
What are the prime factors of 3103408312?
2, 107, 3625477
List the prime factors of 8259159658.
2, 101, 40886929
What are the prime factors of 1357874190?
2, 3, 5, 83, 181777
List the prime factors of 3572045445.
3, 5, 811, 293633
List the prime factors of 3274941946.
2, 1637470973
List the prime factors of 1695833205.
3, 5, 11, 263, 39079
What are the prime factors of 205710547?
7, 829, 35449
List the prime factors of 405709982.
2, 9391, 21601
What are the prime factors of 87934151?
7459, 11789
List the prime factors of 3579148029.
3, 677, 1762259
List the prime factors of 181912322.
2, 90956161
What are the prime factors of 82665197?
23, 199, 18061
What are the prime factors of 549350103?
3, 29, 41, 337, 457
List the prime factors of 177320301.
3, 337, 175391
What are the prime factors of 15999488?
2, 31249
List the prime factors of 3234501310.
2, 5, 313, 1033387
What are the prime factors of 789566535?
3, 5, 649849
What are the prime factors of 27888791?
7, 569159
List the prime factors of 20027421.
3, 2225269
What are the prime factors of 646048364?
2, 13, 12424007
What are the prime factors of 1340871339?
3, 41, 10901393
List the prime factors of 4110958206.
2, 3, 5167, 44201
List the prime factors of 15839705.
5, 7, 47, 9629
List the prime factors of 28623409.
151, 189559
What are the prime factors of 112772456?
2, 14096557
List the prime factors of 18730919.
18730919
List the prime factors of 20164064.
2, 630127
List the prime factors of 56202399.
3, 11, 19, 29879
List the prime factors of 173533838.
2, 9011, 9629
List the prime factors of 79342981.
31, 239, 10709
What are the prime factors of 7166307?
3, 2388769
What are the prime factors of 92697798?
2, 3, 15449633
What are the prime factors of 74163317?
74163317
List the prime factors of 291906354.
2, 3, 17, 31, 92317
What are the prime factors of 45995444?
2, 11, 31, 33721
What are the prime factors of 22271926?
2, 11135963
What are the prime factors of 6760753570?
2, 5, 676075357
What are the prime factors of 736988107?
29, 25413383
List the prime factors of 338201555.
5, 4073, 16607
What are the prime factors of 5430450047?
11, 83, 911, 6529
What are the prime factors of 1783989728?
2, 55749679
List the prime factors of 75825798.
2, 3, 223, 56671
List the prime factors of 245742876.
2, 3, 677, 3361
List the prime factors of 9050834138.
2, 4525417069
What are the prime factors of 1705950769?
11813, 144413
What are the prime factors of 140080800?
2, 3, 5, 58367
What are the prime factors of 95890944?
2, 3, 163, 383
List the prime factors of 3579114095.
5, 715822819
List the prime factors of 374069005.
5, 47, 1591783
What are the prime factors of 3092398288?
2, 7, 27610699
List the prime factors of 403722762.
2, 3, 37, 47, 38693
What are the prime factors of 4739572936?
2, 7, 17, 4978543
List the prime factors of 212531936.
2, 137, 48479
List the prime factors of 23784689.
2221, 10709
List the prime factors of 62855012.
2, 11, 233, 6131
What are the prime factors of 48689613?
3, 7, 73, 3529
List the prime factors of 779235011.
19, 71, 577639
List the prime factors of 150087002.
2, 13, 1129, 5113
List the prime factors of 170142042.
2, 3, 7, 4051001
What are the prime factors of 2258481635?
5, 107, 109, 38729
List the prime factors of 14808158.
2, 107, 69197
What are the prime factors of 972007407?
3, 7, 3323, 4643
List the prime factors of 788849574.
2, 3, 647, 203207
List the prime factors of 172297573.
7, 3516277
List the prime factors of 2095029448.
2, 261878681
What are the prime factors of 197296906?
2, 6563, 15031
What are the prime factors of 175917444?
2, 3, 73, 409, 491
What are the prime factors of 1340755702?
2, 11, 13, 1031, 4547
List the prime factors of 1879689391.
1879689391
List the prime factors of 1118361552.
2, 3, 7, 11, 302587
List the prime factors of 392720616.
2, 3, 1818151
What are the prime factors of 339435984?
2, 3, 73, 1327
List the prime factors of 449728932.
2, 3, 37, 1012903
What are the prime factors of 5423268356?
2, 11, 173, 457, 1559
What are the prime factors of 1738196817?
3, 7, 19, 47, 59, 1571
What are the prime factors of 297065785?
5, 37, 1605761
What are the prime factors of 1898025370?
2, 5, 61, 509, 6113
List the prime factors of 1018570169.
16763, 60763
What are the prime factors of 353732851?
1193, 296507
List the prime factors of 67673146.
2, 5557, 6089
List the prime factors of 1297203817.
7, 13, 67, 137, 1553
List the prime factors of 12516283.
13, 962791
List the prime factors of 3111023060.
2, 5, 47, 67, 1051
What are the prime factors of 188856415?
5, 11, 3433753
What are the prime factors of 120345773?
120345773
List the prime factors of